
Calculate the highest common divisor of 53652 and 235122.
1578
Calculate the greatest common factor of 118915 and 85.
85
Calculate the highest common factor of 460 and 11615.
115
What is the highest common factor of 145 and 845?
5
Calculate the greatest common divisor of 38728 and 1034.
94
What is the greatest common divisor of 103747 and 7?
7
What is the highest common divisor of 24 and 553912?
8
Calculate the greatest common factor of 21092 and 8.
4
What is the greatest common divisor of 1 and 15824?
1
Calculate the highest common divisor of 65 and 2515.
5
What is the greatest common factor of 76592 and 1968?
16
Calculate the highest common divisor of 2185 and 18525.
95
Calculate the greatest common factor of 75752 and 442.
34
What is the greatest common factor of 5 and 187585?
5
Calculate the highest common factor of 13 and 294307.
13
Calculate the greatest common divisor of 345472 and 72.
8
What is the greatest common factor of 208 and 36621?
13
Calculate the highest common factor of 536 and 65794.
134
Calculate the highest common divisor of 99 and 892265.
11
What is the highest common divisor of 25403 and 23?
1
Calculate the highest common factor of 315301 and 301.
7
Calculate the highest common factor of 105219 and 54.
27
What is the highest common factor of 6 and 27492?
6
What is the highest common divisor of 410 and 44362?
82
What is the greatest common factor of 561730 and 2030?
290
Calculate the greatest common divisor of 256 and 12336.
16
Calculate the greatest common factor of 18786 and 5952.
186
What is the highest common divisor of 1611049 and 167?
167
What is the highest common factor of 52218 and 24?
6
Calculate the greatest common factor of 2624 and 1936.
16
Calculate the highest common divisor of 36436 and 8.
4
Calculate the highest common factor of 2193 and 11481.
129
Calculate the greatest common divisor of 421542 and 1980.
198
Calculate the highest common divisor of 5586 and 4998.
294
What is the highest common factor of 51085 and 10795?
85
What is the greatest common divisor of 32 and 20536?
8
What is the highest common factor of 29138 and 374?
34
What is the highest common factor of 582055 and 5?
5
What is the greatest common factor of 1078 and 586?
2
What is the greatest common divisor of 59 and 701333?
59
What is the highest common factor of 253 and 8063?
11
Calculate the highest common factor of 78 and 535795.
13
Calculate the greatest common factor of 1409 and 686183.
1409
Calculate the highest common divisor of 216047 and 39.
13
Calculate the greatest common factor of 16471 and 9464.
91
Calculate the greatest common divisor of 54 and 285894.
18
What is the highest common factor of 8949 and 513?
57
Calculate the greatest common divisor of 70 and 778.
2
What is the greatest common factor of 1639737 and 297?
297
What is the highest common divisor of 20226 and 30?
6
What is the greatest common factor of 7449 and 6994?
13
What is the highest common factor of 7659 and 211968?
207
Calculate the highest common factor of 30940 and 5590.
130
Calculate the highest common divisor of 144 and 135720.
72
Calculate the highest common factor of 1830 and 29850.
30
Calculate the highest common factor of 26887 and 36869.
161
Calculate the highest common divisor of 41 and 961819.
41
What is the greatest common factor of 296 and 7067?
37
What is the highest common divisor of 57 and 1062480?
57
What is the greatest common factor of 23584 and 640?
32
What is the highest common factor of 90 and 555140?
10
Calculate the highest common factor of 28885 and 3161.
109
What is the greatest common factor of 92 and 103?
1
Calculate the greatest common divisor of 482416 and 64.
16
What is the greatest common divisor of 31244 and 4922?
214
What is the highest common factor of 2231 and 2522?
97
What is the greatest common factor of 5490 and 33945?
15
What is the greatest common factor of 26 and 20682818?
26
Calculate the greatest common divisor of 120 and 125976.
24
Calculate the greatest common factor of 50 and 3350.
50
Calculate the greatest common divisor of 497908 and 16.
4
Calculate the highest common factor of 2340 and 9100.
260
What is the greatest common divisor of 10 and 126010?
10
Calculate the highest common divisor of 300 and 24468.
12
What is the highest common divisor of 1184 and 73445?
37
What is the highest common factor of 27267 and 549?
183
Calculate the greatest common factor of 136 and 10285.
17
Calculate the greatest common divisor of 1938 and 47923.
17
What is the highest common divisor of 187 and 19?
1
Calculate the highest common factor of 74085 and 165.
165
Calculate the highest common divisor of 111964 and 368.
92
What is the highest common divisor of 10246 and 611?
47
What is the greatest common divisor of 70944 and 96?
96
What is the greatest common factor of 20609 and 37?
37
Calculate the greatest common divisor of 67 and 406489.
67
What is the greatest common factor of 3097 and 6357?
163
Calculate the greatest common factor of 176 and 108128.
16
What is the greatest common factor of 142 and 470659?
71
Calculate the highest common divisor of 8968 and 814967.
1121
What is the greatest common factor of 1160 and 16124?
116
What is the highest common factor of 38 and 25802?
38
What is the greatest common factor of 82809 and 189?
27
What is the highest common factor of 246272 and 3367?
481
What is the greatest common divisor of 399073 and 46?
23
Calculate the greatest common factor of 10054 and 110.
22
Calculate the greatest common divisor of 275 and 2270.
5
What is the highest common factor of 2 and 288682?
2
What is the greatest common factor of 12 and 24501?
3
What is the greatest common divisor of 9 and 77823?
9
What is the highest common factor of 1084232 and 16?
8
What is the highest common divisor of 249730 and 20?
10
What is the highest common factor of 4176 and 3114?
18
What is the highest common divisor of 566 and 699293?
283
Calculate the greatest common factor of 5472 and 11079.
9
What is the greatest common factor of 3090216 and 778?
778
Calculate the highest common factor of 10278 and 13536.
18
Calculate the highest common factor of 1862 and 1786.
38
What is the highest common factor of 375 and 107150?
25
Calculate the highest common factor of 2118 and 5076.
6
What is the greatest common factor of 406105 and 1698?
283
Calculate the highest common factor of 775 and 16585.
155
Calculate the highest common divisor of 225 and 221565.
15
Calculate the highest common divisor of 558 and 397854.
558
Calculate the highest common factor of 28 and 27916.
28
What is the highest common divisor of 85083 and 1185?
237
Calculate the greatest common divisor of 29379 and 1596.
21
What is the greatest common divisor of 24 and 3170100?
12
Calculate the highest common divisor of 2611777 and 301.
301
What is the highest common factor of 198 and 295350?
66
What is the greatest common divisor of 11 and 441969?
11
Calculate the highest common factor of 323 and 296837.
323
Calculate the highest common factor of 4640 and 1080.
40
Calculate the greatest common factor of 771449 and 573.
191
Calculate the greatest common divisor of 2700573 and 963.
321
What is the highest common divisor of 17574 and 3939?
303
Calculate the highest common divisor of 38645 and 180125.
655
Calculate the highest common factor of 12196 and 12.
4
What is the highest common divisor of 6937 and 3493?
7
What is the greatest common factor of 2343 and 607263?
213
What is the highest common divisor of 51389 and 67?
67
What is the highest common divisor of 4920 and 24108?
492
Calculate the greatest common divisor of 206 and 1426859.
103
What is the highest common divisor of 10020 and 480?
60
Calculate the greatest common divisor of 18994 and 12.
2
What is the greatest common factor of 175807 and 722?
361
What is the highest common divisor of 7750 and 56500?
250
Calculate the greatest common divisor of 1067271 and 123.
123
What is the highest common divisor of 30 and 224892?
6
What is the highest common divisor of 696 and 37758?
174
Calculate the highest common divisor of 8064 and 3006.
18
Calculate the greatest common factor of 62178 and 8.
2
Calculate the greatest common factor of 24889 and 2.
1
Calculate the greatest common divisor of 5440 and 11840.
320
What is th